2 + 18928*z + 56937. Give m(-3).
63
Let v(q) = -q**3 - 5*q**2 - 28089*q - 112340. What is v(-4)?
0
Let h(c) = 5*c**3 + 204*c**2 - 69199*c - 197. Calculate h(99).
1
Let g(d) = 4144*d - 12291. Determine g(3).
141
Let b(w) = 36934*w + 110630. Give b(-3).
-172
Let k(y) = -10*y**2 + 2334*y + 25860. Determine k(244).
-4
Let o(g) = -g**3 - 155*g**2 - 327*g - 1489. What is o(-153)?
1724
Let s(i) = 76*i - 12276. Calculate s(156).
-420
Let k(f) = 8*f**2 + 471*f - 4903. What is k(9)?
-16
Let r(c) = -38*c**3 + 68*c**2 - 2*c - 3. What is r(2)?
-39
Let m(z) = -198*z - 347. Calculate m(-3).
247
Let i(k) = 16*k**3 + 240*k**2 - 268*k - 23. What is i(-16)?
169
Let s(b) = 5*b**3 - 102*b**2 + 134*b - 23. What is s(19)?
-4
Let a(f) = f**3 + 163*f**2 + 2382*f + 373. Give a(-16).
-107
Let z(i) = -i**2 - 8003*i + 56072. Determine z(7).
2
Let z(i) = 2*i**2 + 139*i - 1657. Give z(-80).
23
Let s(w) = 5*w**3 + 3868*w**2 + 23030*w + 21. Determine s(-6).
9
Let s(p) = -25*p**2 + 1570*p - 8282. Give s(57).
-17
Let y(d) = -4*d**3 + 6*d**2 + 22079*d - 66229. Give y(3).
-46
Let j(o) = 2*o**2 + 124*o + 3175. Determine j(-43).
1541
Let c(q) = 199*q - 33776. Give c(164).
-1140
Let z(m) = -36603*m + 439237. What is z(12)?
1
Let z(p) = -13631*p + 3176024. What is z(233)?
1
Let w(n) = -2448*n + 22034. Give w(9).
2
Let f(u) = -1038*u + 3683. Give f(4).
-469
Let w(f) = -116028*f**2 + 696168*f - 5. Give w(6).
-5
Let m(i) = 70*i**3 + 209*i**2 - 228*i - 704. What is m(-3)?
-29
Let p(j) = -461*j**2 + 2290*j + 96. Give p(5).
21
Let i(d) = 64688*d + 323248. Give i(-5).
-192
Let q(a) = a**3 - 671*a**2 + 1297*a + 27412. Calculate q(669).
-17
Let h(r) = -215*r - 18515. What is h(-86)?
-25
Let o(t) = -t**2 - 301*t - 2100. What is o(-7)?
-42
Let y(u) = -u**3 + 17*u**2 + 678*u - 63. Give y(-19).
51
Let s(q) = -3*q**3 - 2*q**2 + 248*q + 824. What is s(-7)?
19
Let l(c) = -8*c**2 - 825*c + 2087. Determine l(-106).
-351
Let i(j) = j**2 - 1364*j + 38620. Calculate i(29).
-95
Let d(x) = -40280*x - 443095. Determine d(-11).
-15
Let d(t) = -8*t**2 - 459*t + 3367. What is d(-64)?
-25
Let i(s) = -s**2 + 290*s - 5680. Give i(22).
216
Let h(r) = 13*r**3 + 95*r**2 - 218*r - 212. What is h(-9)?
-32
Let u(o) = -1059*o - 145062. Give u(-137).
21
Let p(g) = g**2 - 118*g + 440. What is p(4)?
-16
Let a(z) = 2*z**2 + 144*z + 2596. Determine a(-32).
36
Let c(f) = f**3 - 87*f**2 + 112*f - 2164. What is c(86)?
72
Let x(o) = -o**3 - 19*o**2 + 761*o - 7439. What is x(10)?
-2729
Let g(n) = 18*n**2 + 4040*n - 8085. Give g(2).
67
Let l(f) = 15*f**3 + 362*f**2 - 58*f - 3141. Calculate l(-24).
-597
Let p(z) = -7*z**3 + 596*z**2 + 1128*z + 364. Give p(87).
103
Let g(z) = 189*z - 7670. Give g(38).
-488
Let s(p) = 3*p**2 - 1281467*p - 3844406. Determine s(-3).
22
Let s(c) = 9270*c + 111262. What is s(-12)?
22
Let v(o) = -o**3 - 124*o**2 - 606*o - 1333. Determine v(-119).
-24
Let f(k) = 217*k**2 + 7006*k + 1972. Calculate f(-32).
-12
Let c(g) = g**3 - 35*g**2 - 351*g + 13400. What is c(33)?
-361
Let y(t) = 14*t**2 - 283*t + 1405. Give y(5).
340
Let o(y) = 9688*y - 184077. What is o(19)?
-5
Let u(c) = -59316*c + 949058. Calculate u(16).
2
Let q(t) = 514*t - 2579. Calculate q(5).
-9
Let s(p) = -p**3 + 11*p**2 + 390*p - 4529. What is s(12)?
7
Let u(f) = -6*f**2 + 75*f - 654. Give u(17).
-1113
Let q(f) = -1522*f + 274136. Calculate q(180).
176
Let s(u) = -2*u**3 - 47*u**2 + 339*u - 1532. What is s(-30)?
-2
Let g(k) = 1241*k - 161264. Give g(130).
66
Let n(u) = 2*u**3 - 27*u**2 - 3*u + 167. What is n(13)?
-41
Let o(g) = -6*g**2 + 527*g + 84. Determine o(84).
2016
Let g(r) = r**3 - 7*r**2 - 276*r - 163. Determine g(-13).
45
Let o(u) = -3*u**2 + 6929*u - 431164. What is o(64)?
4
Let k(t) = t**2 - 73*t + 337. Determine k(57).
-575
Let n(u) = 36*u**2 - 42*u - 2. Give n(2).
58
Let s(g) = 2*g**3 + 650*g**2 - 598*g + 17502. Give s(-326).
-102
Let i(o) = 4*o**3 + 47*o**2 + 132*o + 5. What is i(-3)?
-76
Let v(i) = i**2 + 63*i - 108. Calculate v(-70).
382
Let h(x) = -493*x**2 - 439*x - 901. Calculate h(-2).
-1995
Let f(l) = 154*l - 15886. Calculate f(101).
-332
Let i(z) = -2*z**2 - 668*z + 7299. Determine i(11).
-291
Let m(w) = -972*w + 25246. Calculate m(26).
-26
Let x(v) = 3*v**3 + 39*v**2 + 81*v + 19. Calculate x(-11).
-146
Let y(l) = l**3 + 435*l**2 + 7112*l + 80. What is y(-17)?
-22
Let u(v) = -229*v**2 + 21019*v - 16376. What is u(91)?
4
Let w(o) = 4143*o**2 - 9257*o + 1936. Determine w(2).
-6
Let m(v) = -v**3 - 33*v**2 - 235*v - 5342. Determine m(-31).
21
Let t(s) = -64*s**2 + 754*s - 76. Determine t(11).
474
Let p(m) = 1376*m + 202387. Determine p(-147).
115
Let o(s) = -257058*s - 514126. Calculate o(-2).
-10
Let q(a) = 61*a**2 - 244*a - 66189. Determine q(-31).
-4
Let q(p) = 29*p**2 + 1638*p + 10049. Calculate q(-7).
4
Let y(g) = -g**2 - 1009*g - 138419. Give y(-162).
-1205
Let r(t) = 243*t + 2633. Calculate r(-12).
-283
Let v(n) = 13093*n - 4687288. What is v(358)?
6
Let a(j) = -16*j**2 + 191*j - 656. Calculate a(11).
-491
Let t(z) = -z**3 + 134*z**2 + 694*z. Calculate t(-5).
5
Let w(f) = 275*f**2 + 2030*f + 696. Determine w(-7).
-39
Let l(y) = 484*y**2 - 708*y + 740. Give l(1).
516
Let x(a) = 3310*a + 68844. Determine x(-21).
-666
Let x(a) = -209*a**2 - 1203*a - 14. What is x(-3)?
1714
Let q(z) = 324*z**2 + 48*z + 94. Calculate q(0).
94
Let y(g) = g**3 + 11*g**2 + 6454*g + 77586. Determine y(-12).
-6
Let h(c) = -4*c**3 - 1103*c**2 + 283*c + 734. Give h(-276).
-1198
Let j(x) = -2*x**3 + 92*x**2 - 257*x + 4138. What is j(44)?
574
Let l(b) = 3977*b + 413590. Calculate l(-104).
-18
Let a(m) = m**3 - 459*m**2 + 4006*m - 380580. Determine a(452).
4
Let w(n) = -145037*n - 1160388. Determine w(-8).
-92
Let v(u) = u**2 + 358*u + 27855. Calculate v(-230).
-1585
Let a(i) = -8*i**3 + 8*i**2 + 24*i - 17. Determine a(-5).
1063
Let l(k) = 26*k**3 - 11*k**2 - 3*k + 37. Calculate l(5).
2997
Let n(b) = -b**3 + 36*b**2 - 40*b + 1339. Give n(36).
-101
Let b(o) = -o**3 + 404*o**2 + 57163*o + 1044. Determine b(515).
14
Let n(w) = 20789*w - 831530. Give n(40).
30
Let k(c) = -c**3 - 348*c**2 + 1849*c + 879189. Give k(-346).
3
Let v(y) = y**2 - 38*y + 135. What is v(19)?
-226
Let h(q) = -q**3 - 19*q**2 - 14*q - 650. Calculate h(-21).
526
Let n(y) = -2*y**3 - 176*y**2 + 1537*y + 92. Give n(-96).
-4
Let a(k) = -1001*k + 1554553. Calculate a(1553).
0
Let m(w) = w**2 + 30776*w - 1078390. Calculate m(35).
-5
Let s(l) = 3*l**3 - 995*l**2 + 429*l - 252651. Calculate s(332).
1
Let d(y) = -2*y**2 - 412*y - 2140. Calculate d(-5).
-130
Let z(m) = -244*m**2 - 27584*m - 1358. Give z(-113).
-2
Let v(y) = -5793*y + 1071708. Give v(185).
3
Let j(m) = 24*m**2 + 1934*m - 816. What is j(-81)?
-6
Let g(a) = a**2 + 37*a - 9437. Give g(-117).
-77
Let u(y) = -34*y**2 - 4022*y - 74. Give u(-117).
5074
Let j(w) = -2*w**3 - 41*w**2 + 365*w - 343. Give j(1).
-21
Let a(q) = -224589*q + 2021335. What is a(9)?
34
Let b(y) = -922*y - 43780. What is b(-47)?
-446
Let z(p) = -201*p**3 + 55884*p**2 - 1665*p - 955. Determine z(278).
-121
Let k(t) = -3*t**2 + 124*t - 451. Determine k(40).
-291
Let p(a) = 8*a**2 + 1417*a + 7116. Give p(-5).
231
Let l(v) = v**3 - 82*v**2 - 11771*v + 393. Determine l(-75).
93
Let n(l) = -47*l**2 - 17340*l + 1122. Calculate n(-369).
15
Let s(l) = 12278*l - 208858. Give s(17).
-132
Let m(h) = -4871*h - 43430. Determine m(-8).
-4462
Let u(q) = 11*q**2 - 90*q + 20. Calculate u(11).
361
Let c(z) = -1625*z - 137003. Calculate c(-84).
-503
Let x(o) = 18101*o + 253605. Determine x(-14).
191
Let j(m) = m**3 - 99*m**2 + 198*m - 382. What is j(97)?
6
Let b(a) = -67490*a + 809898. Determine b(12).
18
Let x(j) = 119*j**2 - 8200*j + 69. Determine x(69).
828
Let y(c) = c**3 + 35*c**2 + 104*c + 10166. Give y(-39).
26
Let y(u) = -20406*u**2 + 408122*u - 4. What is y(20)?
36
Let y(a) = 1349*a - 226625. Give y(168).
7
Let x(z) = -1007*z**2 + 49340*z + 145. Give x(49).
-2
Let c(p) = -5*p**2 - 192*p + 177. Determine c(-39).
60
Let x(g) = -g**3 - 34*g**2 + 751*g + 26123. What is x(-30)?
-7
Let x(z) = -z**3 - 20*z**2 + 1197*z + 41. What is x(-46)?
-5
Let i(g) = -362*g + 5269. Determine i(13).
563
Let b(r) = 265*r - 734. What is b(2)?
-204
Let q(o) = 5649*o - 74145. Determine q(13).
-708
Let h(z) = 4153*z + 4189. Give h(-1).
36
Let k(b) = -19974*b - 39952. Calculate k(-2).
-4
Let f(u